t a = 8 + -5. Let w = a + -3. Suppose -z + 0*z + 4 = w. What is the greatest common factor of 2 and z?
2
Let a = -13 + 29. Let z be (-351)/6*8/(-6). Let y = z + -46. What is the highest common factor of a and y?
16
Suppose 3*a - 4*u + 32 = 0, 5*u - 7 = -3*a + 6. Let q = a + 6. Let h(f) = f + 10. Let n be h(-8). Calculate the highest common divisor of q and n.
2
Let w = 249 + -84. Calculate the greatest common factor of w and 15.
15
Suppose 2*l + 2*q + q = 195, l - 115 = -5*q. Suppose 4*w - 110 = 38. Suppose -2*a = 1 - w. What is the highest common divisor of a and l?
18
Let c(b) = 3*b + 7. Let p be c(17). Calculate the greatest common factor of p and 116.
58
Suppose 3*x - 2*x = 6. Let o(f) = f**3 - 6*f**2 + 2*f - 7. Let i be o(x). Calculate the highest common factor of i and 55.
5
Let r = -8 + 13. Suppose -4*h = h + r. Let i be 1 + 2*h - -9. What is the greatest common factor of i and 2?
2
Let z be (1 - -1)*(-6)/(-3). Calculate the greatest common divisor of 2 and z.
2
Let y(u) = u**3 + 3*u**2 - u - 2. Let c be y(-3). Suppose b - 3 = 2*b. Let f be 5/(-1 + -1 - b). What is the highest common factor of c and f?
1
Let v = 2 + 3. Suppose 0 = -v*q + 10 + 90. What is the greatest common divisor of 4 and q?
4
Let n be 1/(-2) + 461/(-2). Let y be (-42)/n + (-64)/(-11). Calculate the greatest common factor of y and 54.
6
Let j be ((-12)/21)/(2/(-119)). What is the greatest common divisor of 102 and j?
34
Let k = -41 - -83. What is the highest common factor of k and 28?
14
Let f(c) = -c - 1. Let k be f(-4). Let p(b) = 4*b**3 - 1. Let j be p(1). Suppose 6*n = 5*n + j. What is the highest common divisor of k and n?
3
Let z = -120 - -123. Calculate the greatest common factor of 4 and z.
1
Let b be (0 + -1)*(1 - 0). Let j = 6 + b. What is the greatest common divisor of 40 and j?
5
Let b = 66 - 27. What is the highest common factor of 156 and b?
39
Suppose 7*y - 77 = 21. What is the greatest common divisor of 70 and y?
14
Let p(k) = k**2 - 3*k - 9. Let m be p(6). Let n be (m/(-1))/((-9)/120). Calculate the greatest common divisor of n and 15.
15
Let t be -1 + 0/(-2) - -1. Suppose t = 5*f - 2*z - 98, -z = 4*f - f - 50. Calculate the highest common factor of f and 6.
6
Let x = -14 - -64. Suppose 4*o - 20 = 36. Let m = -4 + o. What is the greatest common factor of m and x?
10
Suppose k + 5*l + 7 = 2*l, -5*k - 5*l + 15 = 0. Let v(w) = -w**3 + 9*w**2 - 7*w + 12. Let m be v(k). What is the highest common divisor of 20 and m?
20
Suppose -5*n + 192 = -93. Let k be 5*7 - 12/(-4). Calculate the greatest common factor of k and n.
19
Let j(b) = 14*b**3 - b**2 + 3*b - 1. Let o be j(1). Calculate the greatest common divisor of 5 and o.
5
Let a be -4*(-5)/(10/9). What is the greatest common divisor of 36 and a?
18
Suppose 2*o - 721 = -3*o + 4*b, -4*o + 4*b = -576. Calculate the highest common factor of o and 29.
29
Suppose 6*u = 13*u - 441. Calculate the highest common factor of 7 and u.
7
Let c(g) = 3*g**3 - g**2 - 2*g. Let m be c(2). Let o = 15 + -18. Let l be 1 - (-6*1 - o). What is the greatest common factor of m and l?
4
Suppose -3*l + 15 + 243 = 0. Suppose -5*d + l = -44. Let m(w) = -8*w**3 - 2*w - 3. Let z be m(-2). Calculate the highest common factor of d and z.
13
Suppose -3*i - 189 = -4*h, 0*h + 52 = h + 4*i. Suppose -2*b = -x - 26, -4*x = -2*b - 2*b + h. Calculate the greatest common factor of b and 14.
14
Let b(m) = -m**2 + 20. Let n(z) = -z + 4. Let w be n(4). Let d be b(w). Let f = 17 - 9. What is the highest common factor of f and d?
4
Let r be 0 - (1 + -2)*6. Let o be r/(-4)*(-28)/21. Calculate the greatest common divisor of 18 and o.
2
Let s(b) = b**3 + 4*b**2 - 45*b + 5. Let y be s(-9). Suppose 0 = 5*q - q. Suppose q = -y*d + 2*d + 6. Calculate the greatest common divisor of 1 and d.
1
Let o = -3 - -12. Let k = -7 + o. Suppose 0 = k*m + m - 30. What is the highest common divisor of m and 50?
10
Suppose -29*k + 25*k + 84 = 0. What is the highest common factor of 56 and k?
7
Let d(n) = -n**2 - n + 5. Let a be d(-4). Let w = -6 - a. Suppose 3*o - 22 = -w. Calculate the greatest common factor of o and 14.
7
Let u = 4 + -14. Let k be (4/u)/((-5)/800). Calculate the highest common divisor of k and 8.
8
Let v(z) = -z + 12. Let b be v(0). Let k = 545 - 299. Let f = k + -138. Calculate the highest common factor of f and b.
12
Suppose -2*s = 4*y - 72, s - 5*y - 16 - 6 = 0. Suppose 2 - s = -5*k. Let a be 1*11 + (7 - 6). What is the highest common divisor of k and a?
6
Suppose 0 = 2*q - 3*r - 434, 0 = q + 5*r + 112 - 342. What is the greatest common divisor of q and 88?
44
Suppose u + 2*w = 16, u = 6*u + 4*w - 74. Calculate the highest common divisor of u and 7.
7
Let l be (-39)/26*(-44)/6. What is the highest common factor of l and 99?
11
Suppose 46*b = 47*b - 14. What is the greatest common divisor of b and 126?
14
Suppose -2*z = 6 + 2, -o = -4*z - 22. Let b(s) = s - 2*s + 6*s**2 - 5*s**2 + 2*s**2. Let n be b(-1). Calculate the highest common divisor of o and n.
2
Let t be -1 - (-932)/4 - 1. Calculate the highest common divisor of t and 21.
21
Let h = -181 - -257. Suppose 2*m - 4*u + h = 3*m, 5*u = -5. Let k = 4 + 6. What is the highest common factor of k and m?
10
Suppose 2*m = 4, 55 = 4*k + 2*m + 11. Suppose g - 20 = -3*a - 4*g, -2*g = 4*a - 36. Calculate the highest common divisor of k and a.
10
Let d = -53 - -83. What is the highest common factor of 20 and d?
10
Suppose -7*z + 2*z - 65 = 0. Let u(c) = c**2 + 10*c - 3. Let a be u(z). What is the greatest common factor of a and 12?
12
Let m = -360 - -504. Calculate the greatest common divisor of 16 and m.
16
Suppose 0*u - p = -2*u - 20, 5*p + 44 = -2*u. Let i = u + 54. Let h = -12 - -19. Calculate the highest common factor of i and h.
7
Let t = 8 - -2. Calculate the highest common divisor of 70 and t.
10
Let v(j) = -j + 27. Let a = -4 + 11. Let l be v(a). Suppose -9 = -2*s - 2*q - 1, -2*q - 20 = -5*s. Calculate the greatest common factor of l and s.
4
Let f be (-318)/(-66) + (-2)/(-11). Let g(k) = -k**3 + 5*k**2 + 4*k + 6. Let h be g(f). What is the greatest common factor of 65 and h?
13
Let j be (9/(-15))/((-2)/70). Let x = -37 + 226. Calculate the greatest common factor of j and x.
21
Let m be (-16)/8*26/(-4). Suppose i = -8 + m. What is the highest common divisor of i and 30?
5
Suppose 0 = -5*t - c + 214, -4*c = -5*t - 9*c + 230. What is the highest common divisor of 56 and t?
14
Suppose -3*a + 0*r - 4*r + 140 = 0, r + 115 = 3*a. Let g = a + 32. Calculate the greatest common factor of 9 and g.
9
Let f be 2 - -84*(-8)/12. Let a = -30 - f. Calculate the highest common factor of a and 16.
8
Let r(a) = -6*a - 13. Let i be r(-8). What is the greatest common divisor of 7 and i?
7
Let h = -16 + 8. Let l(b) = -b - 5. Let f be l(h). Suppose -13 - 16 = -4*o + 5*c, f*o - 15 = -3*c. Calculate the highest common factor of 36 and o.
6
Suppose 910 = 6*s - s. Suppose -3*p + 0*p - l - s = 0, 0 = p - 2*l + 56. Let u be p/((-1)/(8/6)). Calculate the greatest common divisor of 10 and u.
10
Suppose 0*w - 105 = -5*g - 5*w, -5*g - w + 101 = 0. What is the highest common divisor of g and 10?
10
Suppose 0 = 253*t - 261*t + 96. Suppose -3*x + 198 = -18. Calculate the greatest common divisor of x and t.
12
Let p(m) = m + 1. Let z be p(-1). Suppose -3*u + 3 = -z. What is the greatest common divisor of 11 and u?
1
Let c = 103 - 99. Suppose -3*v + 72 = -v. What is the highest common factor of c and v?
4
Let d = 48 + -18. What is the highest common factor of d and 210?
30
Suppose -2*g + 2*d = -70, 2*d = 4*g - 3*d - 140. Calculate the greatest common divisor of 21 and g.
7
Let r(k) = -16*k. Let m be r(-1). Let t(p) = -24*p. Let z be t(-6). Calculate the highest common factor of m and z.
16
Let t be (1 + -2 + 1)/(-1). Suppose t = -3*n + 38 - 11. Let o = 61 - 43. What is the highest common divisor of n and o?
9
Suppose 112 = 5*k + 9*k. What is the highest common factor of k and 44?
4
Let i(g) = -4*g - 17. Let v be i(-7). What is the greatest common divisor of v and 88?
11
Let t be 1*1347/3 + 1. Suppose -5*y + 10*y - t = 0. Suppose 0 = -2*d - d + y. Calculate the greatest common factor of 5 and d.
5
Suppose -2*m = -m - 24. Let u(h) = -6*h - 6*h + 7*h - 3 + h**2. Let j be u(6). Calculate the greatest common divisor of j and m.
3
Let t(q) = 